{"id":36,"date":"2020-09-08T09:26:33","date_gmt":"2020-09-08T09:26:33","guid":{"rendered":"http:\/\/sarah-askling.dk\/?page_id=36"},"modified":"2021-12-07T20:13:03","modified_gmt":"2021-12-07T19:13:03","slug":"kontakt","status":"publish","type":"page","link":"https:\/\/sarah-askling.dk\/index.php\/kontakt\/","title":{"rendered":"Kontakt"},"content":{"rendered":"<div data-colibri-id=\"36-c1\" class=\"style-239 style-local-36-c1 position-relative\">\n  <!---->\n  <div data-colibri-component=\"section\" data-colibri-id=\"36-c2\" id=\"about\" class=\"h-section h-section-global-spacing d-flex align-items-lg-center align-items-md-center align-items-center style-415 style-local-36-c2 position-relative\">\n    <!---->\n    <!---->\n    <div class=\"h-section-grid-container h-section-boxed-container\">\n      <!---->\n      <div data-colibri-id=\"36-c3\" class=\"h-row-container gutters-row-lg-0 gutters-row-md-0 gutters-row-0 gutters-row-v-lg-0 gutters-row-v-md-0 gutters-row-v-0 style-416 style-local-36-c3 position-relative\">\n        <!---->\n        <div class=\"h-row justify-content-lg-center justify-content-md-center justify-content-center align-items-lg-stretch align-items-md-stretch align-items-stretch gutters-col-lg-0 gutters-col-md-0 gutters-col-0 gutters-col-v-lg-0 gutters-col-v-md-0 gutters-col-v-0\">\n          <!---->\n          <div class=\"h-column h-column-container d-flex h-col-lg-auto h-col-md-auto h-col-auto style-417-outer style-local-36-c4-outer\">\n            <div data-colibri-id=\"36-c4\" class=\"d-flex h-flex-basis h-column__inner h-px-lg-0 h-px-md-0 h-px-0 v-inner-lg-0 v-inner-md-0 v-inner-0 style-417 style-local-36-c4 position-relative\">\n              <!---->\n              <!---->\n              <div class=\"w-100 h-y-container h-column__content h-column__v-align flex-basis-100 align-self-lg-start align-self-md-start align-self-start\">\n                <!---->\n                <div data-colibri-id=\"36-c5\" class=\"h-row-container gutters-row-lg-2 gutters-row-md-2 gutters-row-0 gutters-row-v-lg-2 gutters-row-v-md-2 gutters-row-v-2 style-422 style-local-36-c5 position-relative\">\n                  <!---->\n                  <div class=\"h-row justify-content-lg-center justify-content-md-center justify-content-center align-items-lg-stretch align-items-md-stretch align-items-stretch gutters-col-lg-2 gutters-col-md-2 gutters-col-0 gutters-col-v-lg-2 gutters-col-v-md-2 gutters-col-v-2\">\n                    <!---->\n                    <div class=\"h-column h-column-container d-flex h-col-lg-auto h-col-md-auto h-col-auto style-423-outer style-local-36-c6-outer\">\n                      <div data-colibri-id=\"36-c6\" class=\"d-flex h-flex-basis h-column__inner h-px-lg-2 h-px-md-2 h-px-2 v-inner-lg-2 v-inner-md-2 v-inner-2 style-423 style-local-36-c6 position-relative\">\n                        <!---->\n                        <!---->\n                        <div class=\"w-100 h-y-container h-column__content h-column__v-align flex-basis-100 align-self-lg-start align-self-md-start align-self-start\">\n                          <!---->\n                          <div data-colibri-id=\"36-c7\" class=\"h-icon style-428 style-local-36-c7 position-relative h-element\">\n                            <!----><span class=\"h-svg-icon h-icon__icon style-428-icon style-local-36-c7-icon\"><!--Icon by Font Awesome (https:\/\/fontawesome.com)--><svg version=\"1.1\" xmlns=\"http:\/\/www.w3.org\/2000\/svg\" xmlns:xlink=\"http:\/\/www.w3.org\/1999\/xlink\" id=\"phone\" viewBox=\"0 0 1408 1896.0833\"><path d=\"M1408 1240q0 27-10 70.5t-21 68.5q-21 50-122 106-94 51-186 51-27 0-53-3.5t-57.5-12.5-47-14.5T856 1485t-49-18q-98-35-175-83-127-79-264-216T152 904q-48-77-83-175-3-9-18-49t-20.5-55.5-14.5-47T3.5 520 0 467q0-92 51-186 56-101 106-122 25-11 68.5-21t70.5-10q14 0 21 3 18 6 53 76 11 19 30 54t35 63.5 31 53.5q3 4 17.5 25t21.5 35.5 7 28.5q0 20-28.5 50t-62 55-62 53-28.5 46q0 9 5 22.5t8.5 20.5 14 24 11.5 19q76 137 174 235t235 174q2 1 19 11.5t24 14 20.5 8.5 22.5 5q18 0 46-28.5t53-62 55-62 50-28.5q14 0 28.5 7t35.5 21.5 25 17.5q25 15 53.5 31t63.5 35 54 30q70 35 76 53 3 7 3 21z\"><\/path><\/svg><\/span><\/div>\n                          <div\n                            data-colibri-id=\"36-c8\" class=\"h-text h-text-component style-426 style-local-36-c8 position-relative h-element\">\n                            <!---->\n                            <!---->\n                            <div class=\"\">\n                              <p><span style=\"color: rgb(153, 204, 51); font-family: &quot;Open Sans&quot;; font-size: 31.35999870300293px; font-weight: 300;\">8181 9494<\/span><\/p>\n                            <\/div>\n                        <\/div>\n                      <\/div>\n                    <\/div>\n                  <\/div>\n                  <div class=\"h-column h-column-container d-flex h-col-lg-auto h-col-md-auto h-col-auto style-424-outer style-local-36-c9-outer\">\n                    <div data-colibri-id=\"36-c9\" class=\"d-flex h-flex-basis h-column__inner h-px-lg-2 h-px-md-2 h-px-2 v-inner-lg-2 v-inner-md-2 v-inner-2 style-424 style-local-36-c9 position-relative\">\n                      <!---->\n                      <!---->\n                      <div class=\"w-100 h-y-container h-column__content h-column__v-align flex-basis-100 align-self-lg-start align-self-md-start align-self-start\">\n                        <!---->\n                        <div data-colibri-id=\"36-c10\" class=\"h-icon style-430 style-local-36-c10 position-relative h-element\">\n                          <!----><span class=\"h-svg-icon h-icon__icon style-430-icon style-local-36-c10-icon\"><!--Icon by Font Awesome (https:\/\/fontawesome.com)--><svg version=\"1.1\" xmlns=\"http:\/\/www.w3.org\/2000\/svg\" xmlns:xlink=\"http:\/\/www.w3.org\/1999\/xlink\" id=\"envelope-o\" viewBox=\"0 0 1792 1896.0833\"><path d=\"M1664 1504V736q-32 36-69 66-268 206-426 338-51 43-83 67t-86.5 48.5T897 1280h-2q-48 0-102.5-24.5T706 1207t-83-67q-158-132-426-338-37-30-69-66v768q0 13 9.5 22.5t22.5 9.5h1472q13 0 22.5-9.5t9.5-22.5zm0-1051v-24.5l-.5-13-3-12.5-5.5-9-9-7.5-14-2.5H160q-13 0-22.5 9.5T128 416q0 168 147 284 193 152 401 317 6 5 35 29.5t46 37.5 44.5 31.5T852 1143t43 9h2q20 0 43-9t50.5-27.5 44.5-31.5 46-37.5 35-29.5q208-165 401-317 54-43 100.5-115.5T1664 453zm128-37v1088q0 66-47 113t-113 47H160q-66 0-113-47T0 1504V416q0-66 47-113t113-47h1472q66 0 113 47t47 113z\"><\/path><\/svg><\/span><\/div>\n                        <div\n                          data-colibri-id=\"36-c11\" class=\"h-text h-text-component style-425 style-local-36-c11 position-relative h-element\">\n                          <!---->\n                          <!---->\n                          <div class=\"\">\n                            <p><span style=\"font-weight: 300; font-size: 31.35999870300293px; font-family: &quot;Open Sans&quot;; color: rgb(153, 204, 51);\">Sa@coach.dk<\/span><\/p>\n                          <\/div>\n                      <\/div>\n                    <\/div>\n                  <\/div>\n                <\/div>\n              <\/div>\n            <\/div>\n            <div data-colibri-id=\"36-c12\" class=\"h-row-container gutters-row-lg-2 gutters-row-md-2 gutters-row-0 gutters-row-v-lg-2 gutters-row-v-md-2 gutters-row-v-2 style-431 style-local-36-c12 position-relative\">\n              <!---->\n              <div class=\"h-row justify-content-lg-center justify-content-md-center justify-content-center align-items-lg-stretch align-items-md-stretch align-items-stretch gutters-col-lg-2 gutters-col-md-2 gutters-col-0 gutters-col-v-lg-2 gutters-col-v-md-2 gutters-col-v-2\">\n                <!---->\n                <div class=\"h-column h-column-container d-flex h-col-lg-auto h-col-md-auto h-col-auto style-432-outer style-local-36-c13-outer\">\n                  <div data-colibri-id=\"36-c13\" class=\"d-flex h-flex-basis h-column__inner h-px-lg-2 h-px-md-2 h-px-2 v-inner-lg-2 v-inner-md-2 v-inner-2 style-432 style-local-36-c13 position-relative\">\n                    <!---->\n                    <!---->\n                    <div class=\"w-100 h-y-container h-column__content h-column__v-align flex-basis-100 align-self-lg-start align-self-md-start align-self-start\">\n                      <!---->\n                      <div data-colibri-id=\"36-c14\" class=\"h-icon style-437 style-local-36-c14 position-relative h-element\">\n                        <!---->\n                        <a href=\"https:\/\/www.google.com\/maps\/place\/Balance-Huset\/@55.716964,11.7067643,17z\/data=!3m1!4b1!4m5!3m4!1s0x46525388d465142f:0xff15797437ab38d8!8m2!3d55.716961!4d11.708953\" h-use-smooth-scroll=\"true\"><span class=\"h-svg-icon h-icon__icon style-437-icon style-local-36-c14-icon\"><!--Icon by Socicon (http:\/\/www.socicon.com)--><svg version=\"1.1\" xmlns=\"http:\/\/www.w3.org\/2000\/svg\" viewBox=\"0 0 1500 1500\">\n\n<path d=\"M1110 1071l-97.5-97.5c-84-84-358.5-378-358.5-654 0-43.5 6-85.5 18-126h-441c-88.5 0-159 70.5-159 159v990c0 88.5 70.5 159 159 159h990c88.5 0 159-70.5 159-159v-568.5c-48 63-105 129-172.5 198l-97.5 99zM492 1362c-156 0-282-124.5-282-280.5s126-282 282-282c73.5 0 138 28.5 187.5 73.5l-79.5 79.5c-30-25.5-67.5-40.5-109.5-40.5-93 0-169.5 76.5-169.5 169.5s76.5 169.5 169.5 169.5c78 0 132-46.5 151.5-112.5h-150v-108h264c22.5 111-18 331.5-264 331.5zM1428 318c0-175.5-142.5-318-319.5-318s-318 142.5-318 318 166.5 406.5 318 556.5c181.5-183 319.5-379.5 319.5-556.5zM975 303c0-73.5 60-133.5 133.5-133.5s133.5 60 133.5 133.5c0 73.5-60 133.5-133.5 133.5s-133.5-60-133.5-133.5z\"><\/path>\n<\/svg>\n<\/span><\/a>\n                      <\/div>\n                      <div data-colibri-id=\"36-c15\" class=\"h-text h-text-component style-435 style-local-36-c15 position-relative h-element\">\n                        <!---->\n                        <!---->\n                        <div class=\"\">\n                          <p>Coaching Holb\u00e6k&nbsp;<\/p>\n                          <p>Balance-Huset Holb\u00e6k&nbsp;<\/p>\n                          <p>Nygade 12A, 4300 Holb\u00e6k<\/p>\n                          <p>\n                            <br>\n                          <\/p>\n                        <\/div>\n                      <\/div>\n                    <\/div>\n                  <\/div>\n                <\/div>\n                <div class=\"h-column h-column-container d-flex h-col-lg-auto h-col-md-auto h-col-auto style-433-outer style-local-36-c16-outer\">\n                  <div data-colibri-id=\"36-c16\" class=\"d-flex h-flex-basis h-column__inner h-px-lg-2 h-px-md-2 h-px-2 v-inner-lg-2 v-inner-md-2 v-inner-2 style-433 style-local-36-c16 position-relative\">\n                    <!---->\n                    <!---->\n                    <div class=\"w-100 h-y-container h-column__content h-column__v-align flex-basis-100 align-self-lg-start align-self-md-start align-self-start\">\n                      <!---->\n                      <div data-colibri-id=\"36-c17\" class=\"h-icon style-439 style-local-36-c17 position-relative h-element\">\n                        <!---->\n                        <a href=\"https:\/\/www.google.com\/maps\/place\/Hvidehus\/@55.6584937,12.5206731,17z\/data=!3m1!4b1!4m5!3m4!1s0x465253892a10b31d:0xa564d29069a86a10!8m2!3d55.6584903!4d12.5228555\" h-use-smooth-scroll=\"true\"><span class=\"h-svg-icon h-icon__icon style-439-icon style-local-36-c17-icon\"><!--Icon by Socicon (http:\/\/www.socicon.com)--><svg version=\"1.1\" xmlns=\"http:\/\/www.w3.org\/2000\/svg\" viewBox=\"0 0 1500 1500\">\n\n<path d=\"M1110 1071l-97.5-97.5c-84-84-358.5-378-358.5-654 0-43.5 6-85.5 18-126h-441c-88.5 0-159 70.5-159 159v990c0 88.5 70.5 159 159 159h990c88.5 0 159-70.5 159-159v-568.5c-48 63-105 129-172.5 198l-97.5 99zM492 1362c-156 0-282-124.5-282-280.5s126-282 282-282c73.5 0 138 28.5 187.5 73.5l-79.5 79.5c-30-25.5-67.5-40.5-109.5-40.5-93 0-169.5 76.5-169.5 169.5s76.5 169.5 169.5 169.5c78 0 132-46.5 151.5-112.5h-150v-108h264c22.5 111-18 331.5-264 331.5zM1428 318c0-175.5-142.5-318-319.5-318s-318 142.5-318 318 166.5 406.5 318 556.5c181.5-183 319.5-379.5 319.5-556.5zM975 303c0-73.5 60-133.5 133.5-133.5s133.5 60 133.5 133.5c0 73.5-60 133.5-133.5 133.5s-133.5-60-133.5-133.5z\"><\/path>\n<\/svg>\n<\/span><\/a>\n                      <\/div>\n                      <div data-colibri-id=\"36-c18\" class=\"h-text h-text-component style-434 style-local-36-c18 position-relative h-element\">\n                        <!---->\n                        <!---->\n                        <div class=\"\">\n                          <p>Coaching K\u00f8behavn<\/p>\n                          <p>Hvidehus Valby<\/p>\n                          <p>Valbyg\u00e5rdsvej 64A, 2500 K\u00f8benhavn<\/p>\n                          <p>\n                            <br>\n                          <\/p>\n                        <\/div>\n                      <\/div>\n                    <\/div>\n                  <\/div>\n                <\/div>\n              <\/div>\n            <\/div>\n            <div data-colibri-id=\"36-c19\" class=\"style-455 style-local-36-c19 position-relative h-element\">\n              <!---->\n              <div class=\"d-flex flex-wrap h-social-icons justify-content-lg-center justify-content-md-center justify-content-center\">\n                <div class=\"social-icon-container d-inline-flex\">\n                  <a href=\"https:\/\/www.facebook.com\/Coach.dk.Liv.I.Balance\/\" h-use-smooth-scroll=\"true\">\n                    <div class=\"icon-container h-social-icon h-global-transition\">\n                      <div class=\"h-icon-svg\" style=\"width: 100%; height: 100%;\">\n                        <!--Icon by Font Awesome (https:\/\/fontawesome.com)-->\n                        <svg version=\"1.1\" xmlns=\"http:\/\/www.w3.org\/2000\/svg\" xmlns:xlink=\"http:\/\/www.w3.org\/1999\/xlink\" id=\"facebook-square\" viewBox=\"0 0 1536 1896.0833\">\n                          <path d=\"M1248 128q119 0 203.5 84.5T1536 416v960q0 119-84.5 203.5T1248 1664h-188v-595h199l30-232h-229V689q0-56 23.5-84t91.5-28l122-1V369q-63-9-178-9-136 0-217.5 80T820 666v171H620v232h200v595H288q-119 0-203.5-84.5T0 1376V416q0-119 84.5-203.5T288 128h960z\"><\/path>\n                        <\/svg>\n                      <\/div>\n                    <\/div>\n                  <\/a>\n                <\/div>\n                <div class=\"social-icon-container d-inline-flex\">\n                  <a href=\"https:\/\/www.linkedin.com\/in\/sarah-askling-%F0%9F%8D%80-0b089064\/\" h-use-smooth-scroll=\"true\">\n                    <div class=\"icon-container h-social-icon h-global-transition\">\n                      <div class=\"h-icon-svg\" style=\"width: 100%; height: 100%;\">\n                        <!--Icon by Socicon (http:\/\/www.socicon.com)-->\n                        <svg version=\"1.1\" xmlns=\"http:\/\/www.w3.org\/2000\/svg\" viewBox=\"0 0 1500 1500\">\n\n                          <path d=\"M1122.070 767.578c-20.508-23.438-55.664-35.156-105.469-35.156-64.453 0-108.398 20.508-134.766 55.664-26.367 38.086-38.086 90.82-38.086 158.203v512.695c0 8.789-2.93 17.578-11.719 26.367-5.859 5.859-17.578 11.719-26.367 11.719h-269.531c-8.789 0-17.578-5.859-26.367-11.719-5.859-8.789-11.719-17.578-11.719-26.367v-946.289c0-8.789 5.859-17.578 11.719-26.367 8.789-5.859 17.578-11.719 26.367-11.719h260.742c8.789 0 17.578 2.93 23.438 5.859s8.789 11.719 11.719 20.508c0 8.789 2.93 17.578 2.93 20.508s0 11.719 0 23.438c67.383-64.453 158.203-93.75 266.602-93.75 125.977 0 222.656 29.297 292.969 90.82 70.313 64.453 105.469 155.273 105.469 278.32v638.672c0 8.789-2.93 17.578-11.719 26.367-5.859 5.859-17.578 11.719-26.367 11.719h-275.391c-8.789 0-17.578-5.859-26.367-11.719-5.859-8.789-11.719-17.578-11.719-26.367v-577.148c0-49.805-8.789-87.891-26.367-114.258zM310.547 313.477c-35.156 35.156-79.102 52.734-128.906 52.734s-93.75-17.578-128.906-52.734c-35.156-35.156-52.734-76.172-52.734-128.906 0-49.805 17.578-90.82 52.734-125.977s79.102-55.664 128.906-55.664c49.805 0 93.75 20.508 128.906 55.664s52.734 76.172 52.734 125.977c0 52.734-17.578 93.75-52.734 128.906zM354.492 512.695v946.289c0 8.789-5.859 17.578-11.719 26.367-8.789 5.859-17.578 11.719-26.367 11.719h-269.531c-8.789 0-17.578-5.859-26.367-11.719-5.859-8.789-11.719-17.578-11.719-26.367v-946.289c0-8.789 5.859-17.578 11.719-26.367 8.789-5.859 17.578-11.719 26.367-11.719h269.531c8.789 0 17.578 5.859 26.367 11.719 5.859 8.789 11.719 17.578 11.719 26.367z\"><\/path>\n                        <\/svg>\n                      <\/div>\n                    <\/div>\n                  <\/a>\n                <\/div>\n              <\/div>\n            <\/div>\n          <\/div>\n        <\/div>\n      <\/div>\n      <div class=\"h-column h-column-container d-flex h-col-lg-auto h-col-md-auto h-col-auto style-421-outer style-local-36-c20-outer\">\n        <div data-colibri-id=\"36-c20\" class=\"d-flex h-flex-basis h-column__inner h-ui-empty-state-container h-px-lg-0 h-px-md-0 h-px-0 v-inner-lg-0 v-inner-md-0 v-inner-0 style-421 style-local-36-c20 position-relative\">\n          <!---->\n          <!---->\n          <div class=\"w-100 h-y-container h-column__content h-column__v-align flex-basis-100\">\n            <!---->\n          <\/div>\n        <\/div>\n      <\/div>\n    <\/div>\n  <\/div>\n<\/div>\n<\/div>\n<\/div>","protected":false},"excerpt":{"rendered":"<p>8181 9494 Sa@coach.dk Coaching Holb\u00e6k&nbsp; Balance-Huset Holb\u00e6k&nbsp; Nygade 12A, 4300 Holb\u00e6k Coaching K\u00f8behavn Hvidehus Valby Valbyg\u00e5rdsvej 64A, 2500 K\u00f8benhavn<\/p>\n","protected":false},"author":1,"featured_media":49,"parent":0,"menu_order":0,"comment_status":"closed","ping_status":"closed","template":"page-templates\/full-width-page.php","meta":[],"_links":{"self":[{"href":"https:\/\/sarah-askling.dk\/index.php\/wp-json\/wp\/v2\/pages\/36"}],"collection":[{"href":"https:\/\/sarah-askling.dk\/index.php\/wp-json\/wp\/v2\/pages"}],"about":[{"href":"https:\/\/sarah-askling.dk\/index.php\/wp-json\/wp\/v2\/types\/page"}],"author":[{"embeddable":true,"href":"https:\/\/sarah-askling.dk\/index.php\/wp-json\/wp\/v2\/users\/1"}],"replies":[{"embeddable":true,"href":"https:\/\/sarah-askling.dk\/index.php\/wp-json\/wp\/v2\/comments?post=36"}],"version-history":[{"count":20,"href":"https:\/\/sarah-askling.dk\/index.php\/wp-json\/wp\/v2\/pages\/36\/revisions"}],"predecessor-version":[{"id":626,"href":"https:\/\/sarah-askling.dk\/index.php\/wp-json\/wp\/v2\/pages\/36\/revisions\/626"}],"wp:featuredmedia":[{"embeddable":true,"href":"https:\/\/sarah-askling.dk\/index.php\/wp-json\/wp\/v2\/media\/49"}],"wp:attachment":[{"href":"https:\/\/sarah-askling.dk\/index.php\/wp-json\/wp\/v2\/media?parent=36"}],"curies":[{"name":"wp","href":"https:\/\/api.w.org\/{rel}","templated":true}]}}